6. Calculate the remainder when 32 is divided by j.
10
Let p(w) = 30*w**2. Let x be p(1). Let y(i) = -i**2 - 8*i - 5. What is the remainder when (64/(-10))/((-6)/x) is divided by y(-4)?
10
Let k(r) = -r - 5. Let b be k(5). Let s = -8 - b. Let z(h) = -h**2 + 3*h - 1. What is the remainder when s is divided by z(1)?
0
Calculate the remainder when 45 is divided by (-2 - -4) + 13 + 1 + 0.
13
Let m(t) = -t**2 - t + 1. Let f(n) = n**3 + 3*n**2 - 15*n + 14. Let x(u) = f(u) - 5*m(u). Calculate the remainder when x(-9) is divided by 10 - 0/(-2) - 0.
8
Suppose 0 = -5*m + 15 + 10. Let b = m - 3. What is the remainder when 7 is divided by b?
1
Suppose 39 + 26 = 5*y. Calculate the remainder when y is divided by 7.
6
Let q(n) = 9*n**2 + 2*n. Let w be q(2). Suppose 4*p - w - 36 = 0. What is the remainder when p is divided by 11?
8
Suppose 0 = -2*a + 3*l + 31, l + 24 = 3*a - 26. Suppose 5*v = 5*k - 25, 3*k - 4*v + 0 - a = 0. What is the remainder when 5 is divided by k?
2
Let g = -30 - -44. Calculate the remainder when g is divided by 3.
2
Let v be 0 - (-1)/((-1)/2). Calculate the remainder when 7 is divided by ((24/(-3))/v)/1.
3
Let g = -12 + 15. Suppose 40 = -g*y + 5*y. Calculate the remainder when y is divided by 7.
6
What is the remainder when 5 is divided by (0 - 1/1) + 4?
2
Let a(n) = -n**2 + 8*n - 1. Let v be a(4). Suppose 9*s - v = 4*s. Let b = s - -2. Calculate the remainder when b is divided by 3.
2
Let k(u) = u**2 - 6*u + 3. Suppose -3*d - 39 = -0*d. Let m = d + 20. What is the remainder when k(m) is divided by 4?
2
Let d(i) = -37*i**3 + 3*i + 2. What is the remainder when 142 is divided by d(-1)?
34
Calculate the remainder when 88 is divided by ((-6)/(-1))/2 - -15.
16
Suppose 3*q = -4*z - z + 40, 0 = 5*q - 5*z. Calculate the remainder when (-3 - 0)/((-3)/4) is divided by 3/(-2 - -1) + q.
0
Let p(f) = f + 17. Suppose o + 5 = -3. Calculate the remainder when p(o) is divided by 3.
0
Let o(b) = -b**2 - 8*b. Suppose -5*q - 4*w = -7, 0 = 6*w - w + 10. Suppose 63 = -0*g + q*g. Calculate the remainder when g is divided by o(-6).
9
Let u be 50/12 - (-5)/(-30). Suppose -183 = -u*a + 53. Calculate the remainder when a is divided by 20.
19
Let p(c) = -c + 49. What is the remainder when 47 is divided by p(33)?
15
Let s = -13 + 7. Let g(a) = -14*a - 5. What is the remainder when g(s) is divided by 20?
19
Calculate the remainder when (-392)/(-12) + 1/3 is divided by 12.
9
Suppose -7 - 3 = k. Calculate the remainder when (-524)/k + (-4)/10 is divided by 18.
16
Let h = 2 + 0. Suppose -4*i + h = -6. Suppose -13 - 23 = -i*j. What is the remainder when j is divided by 10?
8
Suppose 0 = 3*j - 2*j. What is the remainder when 9 + (-3)/(-3) + j is divided by 6?
4
Let y = 14 - 10. Calculate the remainder when 10 is divided by y.
2
Let l(q) = 8*q**2 + 6. Calculate the remainder when l(-2) is divided by 11.
5
Let k(w) = -9*w**3 - 2*w**2 - 2*w - 2. Let x be k(-2). Calculate the remainder when 1/(-2) - x/(-4) is divided by 9.
7
Suppose 378 = -5*y + 3*x, -2*y + 2*x - 79 = 73. What is the remainder when 14 is divided by (-2)/(-8) - y/20?
2
Let g(k) = -2*k**2 + 5*k - 8. Let l be g(6). Let m = 86 + l. What is the remainder when m is divided by 19?
17
Suppose -23*m = -26*m + 15. Let q = 284 + -198. Suppose 5*h = -m*i - q + 416, -i - 249 = -4*h. Calculate the remainder when h is divided by 16.
15
Let w = 26 + -10. Let i(x) = -x**2 - 17*x - 13. Calculate the remainder when i(-12) is divided by w.
15
Let a(d) = -d**2 - 7*d - 5. Let t be a(-6). Suppose 3*g + 2*m - 26 = 0, 5*m + 20 = 3*g + t. Suppose -h + 16 = 1. Calculate the remainder when h is divided by g.
7
Let t = -21 + 102. What is the remainder when t is divided by 14?
11
Calculate the remainder when 95 is divided by 9/(-4)*(-320)/30.
23
What is the remainder when 32 is divided by (36 - 2)*1/2?
15
Calculate the remainder when 39 is divided by 3*4/(-66) - 233/(-11).
18
Suppose 3*h - 5*c = 7*h + 24, -5*h - 4*c = 21. Let j be h*(-9 + (-3 - -6)). Let w = 4 + j. What is the remainder when 39 is divided by w?
9
Calculate the remainder when 1209/26*(-4)/(-6) is divided by 17.
14
Let p = 211 - -129. What is the remainder when p is divided by 38?
36
Suppose 3*l - 4*l + 20 = -3*n, -l = 4*n + 8. Suppose l*r = 4*r + 8. Let z = -13 - -18. What is the remainder when z is divided by r?
1
Let n = 44 + -10. Let j = 69 - n. What is the remainder when j is divided by 18?
17
Suppose 14 = k - 5. Suppose -6 = -5*s + k. What is the remainder when 18 is divided by s?
3
What is the remainder when 150 is divided by 2/5*(-4 - 2 - -101)?
36
Let t be 176/(-2 + 4) - -2. Suppose 4*d - 14 = t. Calculate the remainder when d is divided by 14.
12
Suppose 3*n - v - 11 = 0, -3*v + 27 = 2*n + n. Calculate the remainder when n is divided by -5*(-5)/(50/6).
2
Let m = 209 - 112. Calculate the remainder when m is divided by 20.
17
What is the remainder when 6/4*(-36)/(-6) is divided by 5?
4
Suppose 4 - 49 = -3*k. What is the remainder when k is divided by 9?
6
Let p = 66 - 63. What is the remainder when 21 is divided by p?
0
Suppose 0 = 5*r + 15, -f + 29 = 3*f + 5*r. What is the remainder when (-658)/(-21) + 1/(3/2) is divided by f?
10
Suppose -3*s - 2 = -23. Calculate the remainder when s is divided by 3.
1
Let t be 92 - 4/(-7 + 3). Suppose 6*q + 27 = t. What is the remainder when 30 is divided by q?
8
Let y be 14/5*(-45)/(-18). Let a(m) be the second derivative of -m**5/20 + 2*m**4/3 - 7*m**3/6 + 4*m**2 + m. Calculate the remainder when a(y) is divided by 5.
3
Let b(x) = x + 2. What is the remainder when 24 is divided by b(11)?
11
Suppose -5*q = 4*x + 28, -q + 2 - 10 = 2*x. Let u(c) = -c**3 - 5*c**2 - c + 3. Let y be u(q). What is the remainder when 18 is divided by (1 + 19)*y/(-18)?
8
Calculate the remainder when 23 is divided by (-52)/6*30/(-20).
10
Suppose 4 - 34 = -g. Suppose b = g + 9. Suppose -4*z = -m - 0*z - 2, -48 = -2*m - 5*z. What is the remainder when b is divided by m?
11
Suppose 0 = 16*k - 14*k - 48. What is the remainder when 90 is divided by k?
18
Calculate the remainder when 151 is divided by (1292/272)/(9/8 + -1).
37
Suppose -5*o + 10 = -165. Let k = 38 + -26. Calculate the remainder when o is divided by k.
11
Let h(w) = -w**2 + w - 56. Let b be h(0). Let n = b + 84. Calculate the remainder when n is divided by 15.
13
Suppose p - 5*p - 5*j + 126 = 0, -2*p = -3*j - 74. What is the remainder when 101 is divided by p?
33
Let r be 0/1 - (-16)/8. What is the remainder when (-4)/r - (-1 + -77) is divided by 26?
24
Suppose 4*a + 34 = 6*a. Let w(b) = b**2 - b. Let o(h) = 2*h**2 - h. Let d be o(-1). Calculate the remainder when a is divided by w(d).
5
Let c be 0/(-3 + (-2)/(-2)). Suppose c*q + 2*y = -q + 29, 0 = 3*q - 4*y - 97. Suppose 0*b + b - 16 = 0. Calculate the remainder when q is divided by b.
15
Let k(v) = -v**3 - 17*v**2 - 15*v + 19. Calculate the remainder when 7 is divided by k(-16).
1
Let d = -64 + 189. Suppose -o + d = 4*o. Let q = o - -16. Calculate the remainder when q is divided by 11.
8
Suppose -63 = -3*k - 0*k + 3*x, -2*x + 21 = k. Calculate the remainder when k is divided by 4.
1
Suppose -3*v - 3*a + 75 = 0, 4*a = 2*v + 2*a - 46. What is the remainder when 68 is divided by v?
20
Let d(i) = 29*i**2 - i + 1. Calculate the remainder when 10 - 3 - (9 - 117) is divided by d(1).
28
Let a be 0*(0 + 1/2). Suppose a*x + 14 = x. Suppose -88 = -5*m + 42. What is the remainder when m is divided by x?
12
Let b(x) = -x**3 + 2*x**2 + 5*x - 3. Let q(k) = -4*k**3 - k + 1. Let a be q(1). Calculate the remainder when b(a) is divided by 19.
16
Calculate the remainder when 53 is divided by (-33)/(-4) - (-18)/96*4.
8
Suppose 3*l = 5*l - 6. Suppose -22 = -l*g + 26. What is the remainder when g is divided by 6?
4
Suppose 7*g - 6*g = 79. What is the remainder when g is divided by 27?
25
Suppose 4*w - 32 - 60 = 0. Let l = w - -1. Calculate the remainder when 69 is divided by l.
21
Let d(j) = -2*j - 9. Let t be d(-6). Suppose -t*z + 34 = h, h - 42 = -4*z - 2*h. Suppose -f + 29 = -5. Calculate the remainder when f is divided by z.
10
Suppose 81 = 5*a - 4*f, -7*f - 16 = -3*f. Let k = 2 - a. Let l = k + 20. Calculate the remainder when 35 is divided by l.
8
Suppose 243 = 3*h - 0*h. What is the remainder when h is divided by 28?
25
Let l(j) = -j**2 + 7*j - 3. Calc